{"id":1400,"date":"2014-05-21T12:29:08","date_gmt":"2014-05-21T10:29:08","guid":{"rendered":"http:\/\/schuetzenverein-schmuttertal-biburg.de\/?page_id=1400"},"modified":"2025-03-16T15:20:54","modified_gmt":"2025-03-16T14:20:54","slug":"lg","status":"publish","type":"page","link":"https:\/\/schuetzenverein-schmuttertal-biburg.de\/?page_id=1400","title":{"rendered":"LG"},"content":{"rendered":"\n<p><strong>Sch\u00fctzen:<\/strong><\/p>\n\n\n\n<ul class=\"wp-block-list\">\n<li>Laura Widemann<\/li>\n\n\n\n<li>Dania Sigel<\/li>\n\n\n\n<li>Madlen Bertele<\/li>\n\n\n\n<li>Yannik Pecher<\/li>\n<\/ul>\n\n\n\n<p><\/p>\n\n\n\n<p><strong>Tabelle:<\/strong><\/p>\n\n\n\n<figure class=\"wp-block-table\"><table class=\"has-fixed-layout\"><thead><tr><th class=\"has-text-align-center\" data-align=\"center\">Rang<\/th><th class=\"has-text-align-center\" data-align=\"center\">Mannschaft<\/th><th class=\"has-text-align-center\" data-align=\"center\">Anzahl WK<\/th><th class=\"has-text-align-center\" data-align=\"center\">Mannschaftspunkte<\/th><th class=\"has-text-align-center\" data-align=\"center\">Einzelpunkte<\/th><th class=\"has-text-align-center\" data-align=\"center\">Ringe<\/th><th class=\"has-text-align-center\" data-align=\"center\">\u00d8-Ringe<\/th><\/tr><\/thead><tbody><tr><td class=\"has-text-align-center\" data-align=\"center\">1.<\/td><td class=\"has-text-align-center\" data-align=\"center\">Edelwei\u00df Stettenhofen 1<\/td><td class=\"has-text-align-center\" data-align=\"center\">10<\/td><td class=\"has-text-align-center\" data-align=\"center\">22:8<\/td><td class=\"has-text-align-center\" data-align=\"center\">28:12<\/td><td class=\"has-text-align-center\" data-align=\"center\">14928<\/td><td class=\"has-text-align-center\" data-align=\"center\">1492,80<\/td><\/tr><tr><td class=\"has-text-align-center\" data-align=\"center\">2.<\/td><td class=\"has-text-align-center\" data-align=\"center\">SV Rothtal Horgau 2<\/td><td class=\"has-text-align-center\" data-align=\"center\">10<\/td><td class=\"has-text-align-center\" data-align=\"center\">19:11<\/td><td class=\"has-text-align-center\" data-align=\"center\">22:18<\/td><td class=\"has-text-align-center\" data-align=\"center\">14728<\/td><td class=\"has-text-align-center\" data-align=\"center\">1472,80<\/td><\/tr><tr><td class=\"has-text-align-center\" data-align=\"center\">3.<\/td><td class=\"has-text-align-center\" data-align=\"center\">SV-Edelwei\u00df-Hausen 1<\/td><td class=\"has-text-align-center\" data-align=\"center\">10<\/td><td class=\"has-text-align-center\" data-align=\"center\">14:16<\/td><td class=\"has-text-align-center\" data-align=\"center\">21:19<\/td><td class=\"has-text-align-center\" data-align=\"center\">14711<\/td><td class=\"has-text-align-center\" data-align=\"center\">1471,10<\/td><\/tr><tr><td class=\"has-text-align-center\" data-align=\"center\">4.<\/td><td class=\"has-text-align-center\" data-align=\"center\">Gr\u00fcnholder Gablingen 1<\/td><td class=\"has-text-align-center\" data-align=\"center\">10<\/td><td class=\"has-text-align-center\" data-align=\"center\">13:17<\/td><td class=\"has-text-align-center\" data-align=\"center\">16:24<\/td><td class=\"has-text-align-center\" data-align=\"center\">14664<\/td><td class=\"has-text-align-center\" data-align=\"center\">1466,40<\/td><\/tr><tr><td class=\"has-text-align-center\" data-align=\"center\">5.<\/td><td class=\"has-text-align-center\" data-align=\"center\">Edelw. Margertshausen 1<\/td><td class=\"has-text-align-center\" data-align=\"center\">10<\/td><td class=\"has-text-align-center\" data-align=\"center\">12:18<\/td><td class=\"has-text-align-center\" data-align=\"center\">17:23<\/td><td class=\"has-text-align-center\" data-align=\"center\">14639<\/td><td class=\"has-text-align-center\" data-align=\"center\">1463,90<\/td><\/tr><tr><td class=\"has-text-align-center\" data-align=\"center\">6.<\/td><td class=\"has-text-align-center\" data-align=\"center\">Schmuttertal Biburg 1<\/td><td class=\"has-text-align-center\" data-align=\"center\">10<\/td><td class=\"has-text-align-center\" data-align=\"center\">10:20<\/td><td class=\"has-text-align-center\" data-align=\"center\">16:24<\/td><td class=\"has-text-align-center\" data-align=\"center\">14774<\/td><td class=\"has-text-align-center\" data-align=\"center\">1477,40<\/td><\/tr><\/tbody><\/table><\/figure>\n","protected":false},"excerpt":{"rendered":"<p>Sch\u00fctzen: Tabelle: Rang Mannschaft Anzahl WK Mannschaftspunkte Einzelpunkte Ringe \u00d8-Ringe 1. Edelwei\u00df Stettenhofen 1 10 <a class=\"more-link\" href=\"https:\/\/schuetzenverein-schmuttertal-biburg.de\/?page_id=1400\">weiterlesen &rarr;<\/a><\/p>\n","protected":false},"author":1,"featured_media":0,"parent":0,"menu_order":0,"comment_status":"closed","ping_status":"closed","template":"","meta":{"saved_in_kubio":false,"footnotes":""},"class_list":["post-1400","page","type-page","status-publish","hentry"],"kubio_ai_page_context":{"short_desc":"","purpose":"general"},"_links":{"self":[{"href":"https:\/\/schuetzenverein-schmuttertal-biburg.de\/index.php?rest_route=\/wp\/v2\/pages\/1400","targetHints":{"allow":["GET"]}}],"collection":[{"href":"https:\/\/schuetzenverein-schmuttertal-biburg.de\/index.php?rest_route=\/wp\/v2\/pages"}],"about":[{"href":"https:\/\/schuetzenverein-schmuttertal-biburg.de\/index.php?rest_route=\/wp\/v2\/types\/page"}],"author":[{"embeddable":true,"href":"https:\/\/schuetzenverein-schmuttertal-biburg.de\/index.php?rest_route=\/wp\/v2\/users\/1"}],"replies":[{"embeddable":true,"href":"https:\/\/schuetzenverein-schmuttertal-biburg.de\/index.php?rest_route=%2Fwp%2Fv2%2Fcomments&post=1400"}],"version-history":[{"count":4,"href":"https:\/\/schuetzenverein-schmuttertal-biburg.de\/index.php?rest_route=\/wp\/v2\/pages\/1400\/revisions"}],"predecessor-version":[{"id":4325,"href":"https:\/\/schuetzenverein-schmuttertal-biburg.de\/index.php?rest_route=\/wp\/v2\/pages\/1400\/revisions\/4325"}],"wp:attachment":[{"href":"https:\/\/schuetzenverein-schmuttertal-biburg.de\/index.php?rest_route=%2Fwp%2Fv2%2Fmedia&parent=1400"}],"curies":[{"name":"wp","href":"https:\/\/api.w.org\/{rel}","templated":true}]}}